480.
580
What is the highest common factor of 14776283 and 3478?
1739
Calculate the greatest common divisor of 18889488 and 11844.
1692
Calculate the highest common divisor of 145 and 6046885.
5
Calculate the greatest common factor of 4532 and 239784.
412
Calculate the highest common factor of 23 and 6139137.
23
Calculate the highest common factor of 198 and 76797756.
18
What is the greatest common factor of 458 and 29912209?
229
What is the greatest common divisor of 2372253 and 2535?
507
Calculate the highest common divisor of 255 and 2785569.
51
Calculate the greatest common factor of 304 and 462821.
19
Calculate the highest common factor of 160 and 8463960.
40
What is the greatest common divisor of 270 and 31263120?
90
Calculate the highest common factor of 1555630 and 107310.
730
What is the highest common factor of 128094 and 19758?
222
What is the greatest common factor of 21285553 and 4016?
251
What is the greatest common divisor of 508285169 and 24605?
4921
What is the highest common factor of 124 and 27011974?
62
Calculate the greatest common divisor of 41667583 and 10278.
571
What is the highest common factor of 14225 and 5413466?
569
What is the highest common divisor of 13471 and 2138804141?
13471
Calculate the highest common factor of 137084 and 8108.
4
What is the highest common divisor of 48 and 4868331?
3
Calculate the highest common divisor of 24 and 17369616.
24
What is the highest common divisor of 1292378 and 5?
1
Calculate the greatest common divisor of 300 and 1261128.
12
What is the highest common factor of 318420 and 11598840?
5220
What is the greatest common divisor of 89170710 and 30?
30
Calculate the greatest common factor of 151 and 1540474216.
151
Calculate the highest common divisor of 71999866 and 58.
58
What is the greatest common factor of 450933 and 209727?
21
Calculate the greatest common factor of 11673662 and 12005.
2401
Calculate the greatest common divisor of 456 and 3506868.
228
Calculate the greatest common factor of 348144 and 6384.
48
Calculate the highest common factor of 93953799 and 188.
47
What is the highest common factor of 297456 and 2160?
48
Calculate the highest common factor of 381257 and 2.
1
Calculate the greatest common factor of 523287 and 321.
3
Calculate the highest common divisor of 54524 and 47816.
172
What is the highest common factor of 525 and 3700480?
35
Calculate the highest common divisor of 12609 and 46737.
27
Calculate the greatest common factor of 17 and 69592322.
17
What is the greatest common factor of 17546 and 10633?
31
What is the highest common divisor of 352153 and 920?
23
What is the highest common divisor of 396 and 239251683?
33
What is the highest common factor of 1780 and 29275?
5
What is the greatest common divisor of 3837860 and 1737970?
3770
What is the greatest common factor of 842886 and 1621530?
774
What is the highest common divisor of 113953 and 4400459?
1561
Calculate the greatest common divisor of 9559030 and 2093.
299
What is the highest common factor of 56217088 and 177?
59
Calculate the greatest common divisor of 526398 and 35754.
354
What is the highest common divisor of 2593096 and 1452?
44
Calculate the highest common factor of 108 and 12820212.
36
What is the greatest common factor of 480 and 605810?
10
Calculate the greatest common factor of 221 and 18971316.
13
What is the highest common factor of 1178 and 41595902?
38
What is the greatest common factor of 217 and 43909144?
31
Calculate the greatest common divisor of 4252771 and 3104.
97
Calculate the highest common factor of 6943 and 6637639.
131
Calculate the highest common divisor of 564 and 31582.
2
What is the highest common divisor of 4582 and 36577?
79
Calculate the highest common factor of 8 and 2131748.
4
Calculate the highest common factor of 41540 and 405604.
124
What is the highest common divisor of 84 and 238035?
21
What is the highest common divisor of 3 and 4446645?
3
Calculate the greatest common divisor of 198 and 16486800.
66
What is the greatest common divisor of 39815055 and 7140?
105
Calculate the greatest common factor of 14056 and 256256.
56
Calculate the greatest common factor of 91696466 and 954.
106
What is the greatest common divisor of 472 and 7950840?
472
What is the highest common factor of 15725952 and 1232?
176
Calculate the highest common divisor of 53802 and 846.
18
What is the highest common divisor of 230315 and 1710025?
365
Calculate the highest common divisor of 2213620 and 5140.
20
What is the greatest common divisor of 2433377 and 1817460?
10097
Calculate the highest common factor of 63624 and 381816.
24
What is the greatest common divisor of 353103 and 5?
1
Calculate the greatest common divisor of 22191 and 329033354.
7397
What is the highest common divisor of 34092 and 214313676?
11364
What is the highest common divisor of 2317 and 63835667?
2317
Calculate the highest common divisor of 135315 and 15811.
97
What is the greatest common divisor of 1102 and 2186425?
19
Calculate the greatest common divisor of 10797 and 1357311.
183
Calculate the highest common factor of 18900858 and 2109.
2109
Calculate the greatest common factor of 84 and 16175985.
21
Calculate the greatest common factor of 240 and 318843900.
60
What is the greatest common divisor of 6101304 and 19602?
726
Calculate the greatest common factor of 19688992 and 6936.
2312
What is the highest common factor of 2070978 and 8736?
546
Calculate the greatest common factor of 304 and 322018232.
152
Calculate the greatest common factor of 10 and 4375840.
10
What is the highest common factor of 129943099 and 18777?
6259
Calculate the greatest common divisor of 212124772 and 2740.
548
Calculate the greatest common divisor of 4108 and 100167418.
2054
Calculate the highest common factor of 3696 and 1764048.
528
What is the highest common factor of 2464 and 12072544?
352
Calculate the highest common factor of 12443899 and 904.
113
What is the highest common factor of 1749060 and 276500?
1580
Calculate the greatest common factor of 800375 and 313747.
6403
Calculate the greatest common factor of 2542 and 854422.
62
What is the highest common factor of 5673217 and 1705?
341
What is the greatest common divisor of 3249170 and 695890?
1010
What is the highest common divisor of 1140 and 16064652?
228
Calculate the highest common factor of 65 and 32548320.
5
What is the highest common factor of 532 and 24917956?
28
What is the greatest common divisor of 10279 and 12533347?
541
Calculate the highest common divisor of 161509 and 8282838.
373
Calculate the greatest common divisor of 23 and 410325773.
23
Calculate the highest common divisor of 335 and 496857260.
335
What is the highest common divisor of 1055566 and 25576?
278
What is the greatest common factor of 277266968 and 11?
11
What is the greatest common factor of 60024820 and 355?
355
What is the greatest common divisor of 7796382 and 2640?
66
What is the greatest common divisor of 64959 and 1357413?
177
Calculate the highest common factor of 2552 and 32797666.
638
What is the greatest common factor of 27 and 478001?
1
What is the greatest common factor of 8 and 236226224?
8
What is the highest common factor of 32879420 and 3220?
3220
Calculate the greatest common factor of 40644 and 3886018.
2258
What is the highest common divisor of 254 and 439292746?
254
What is the highest common factor of 159473094 and 528?
66
What is the highest common divisor of 3787828 and 1705?
341
What is the greatest common factor of 569013 and 51?
3
Calculate the highest common divisor of 923295 and 405.
15
Calculate the greatest common factor of 8268 and 2496300.
636
What is the greatest common factor of 70232 and 536?
8
What is the greatest common factor of 5319200 and 7930?
610
What is the greatest common factor of 156 and 1242864?
12
Calculate the greatest common factor of 27750216 and 1392.
696
What is the greatest common factor of 261625 and 10115?
35
What is the greatest common factor of 15220 and 339259888?
3044
What is the highest common factor of 2182159 and 14?
7
Calculate the highest common factor of 2720 and 1714450.
170
What is the greatest common factor of 34070278 and 748?
374
Calculate the highest common divisor of 354 and 53912489.
59
Calculate the greatest